et k(n) = 11*g(n) - 6*z(n). Give k(3).
-6
Let l be (-8 - -18)*(-2)/(-5). Let b be 0/((-2)/(-1) - l). Let g(a) = -a**2 - a + 9. Give g(b).
9
Let d(o) = o + 6. Let r = -1 + -12. Let a = r - -8. What is d(a)?
1
Let f(r) = r**3 + r**2 - 5. Let h be (-6)/(-18) - (-16)/6. Suppose 2*q = h*q. What is f(q)?
-5
Let f = 7 - 4. Let i be (-2)/((-3)/f) + 2. Let s(c) = -c + 2. Determine s(i).
-2
Suppose -3*x - x + 4 = 0. Let t(o) = -o**2 - x + 3*o + 4*o - 8*o + 0*o**2. Determine t(-1).
-1
Let n(g) be the third derivative of -g**4/24 - g**3/3 + 10*g**2. What is n(-5)?
3
Let c(f) = f**3 - 4*f**2 + 3*f + 4. Suppose -3*p - 2*d = -d - 7, -2*p = -3*d - 12. Determine c(p).
4
Let p(k) = -2*k + 6. Let o(g) = -g**3 + 2*g + 1. Let z be o(-1). Let v = 7 - z. Give p(v).
-8
Let s(d) = d**2 + 3*d - 4. Let u be s(-4). Suppose r + 0*r + 4*t - 22 = 0, 2*t - 8 = u. Let k(h) = r*h**3 - h + 8 - h**2 - 7 + 0*h. Calculate k(1).
5
Suppose -2*r = 2*r. Suppose r*u = -u. Let i(m) = -m**3 + m**2 - m - 4. Give i(u).
-4
Suppose -5*k - 33 = 87. Let w = k + 19. Let d(v) be the second derivative of v**3/6 - v**2/2 + v. Determine d(w).
-6
Let f(p) = 3*p**2 - 12*p - 7. Let l(a) = -7*a**2 + 24*a + 14. Let n(k) = 9*f(k) + 4*l(k). Let r be n(-11). Let w(d) = d. What is w(r)?
4
Let d(f) = -f**3 + 6*f**2 + 2*f - 9. Let x be -1 + (-1 - -3 - -5). Let y be d(x). Let g(v) = -v**2 - v**y + v**2 - 1. Calculate g(-2).
7
Let z be -3 + 12/(1 + 3). Let q = -4 - -16. Suppose -a - q = -4*i, 5*i + 3*a - 32 = -z*a. Let s(y) = -y**3 + 5*y**2 - y - 4. Give s(i).
8
Let n(d) be the second derivative of d**4/12 + 5*d**3/6 - 3*d**2/2 - d. Let k be 0 + (-2 + 1)/(5/25). Determine n(k).
-3
Let j(d) = 3*d**3 - 2*d**2 - d + 11. Let f(q) be the first derivative of q**4/4 - q**3/3 - q**2/2 + q + 5. Let g(n) = -2*f(n) + j(n). What is g(0)?
9
Let f(y) be the third derivative of y**5/60 - y**4/4 - y**3/6 + 21*y**2. Let o = 4 + 1. Determine f(o).
-6
Let y be 1/3 + 52/(-12). Let q(c) be the third derivative of c**6/120 + c**5/15 - c**4/8 - c**3 - 5*c**2. What is q(y)?
6
Let j(g) = 5*g**2 + g + 5. Let b(n) = -9*n**2 - n - 9. Let r(k) = 4*b(k) + 7*j(k). Suppose 0*t - t + 4 = 0. What is r(t)?
-5
Let h(s) = s - 4. Let d(z) = -1. Let g(n) = 4*d(n) - h(n). Let r(f) = f**3 + 11*f**2 - 1. Let j be r(-11). What is g(j)?
1
Let j(t) = -t + 31 + 2*t - 20. Calculate j(-6).
5
Let j(c) = 4*c + 5. Let l be j(-2). Let u(w) = w + 2. Calculate u(l).
-1
Let v(k) = -4*k - 1. Suppose -3*m = -2*m - 3. Calculate v(m).
-13
Suppose 5*i = 3*u + 2*u + 15, -5*i - 1 = 3*u. Suppose -4*h - 2*l = 2*l + 4, -h + 4*l + 24 = 0. Let y(v) = v**2 + h*v**2 - 4*v**2 + i. Determine y(-1).
2
Let s(t) be the first derivative of -t**4/4 - t**3/3 + t + 2. What is s(0)?
1
Let p(z) = -z**3 + 5*z + 1. Let s(x) = -6*x - 1. Let n(w) = -4*p(w) - 3*s(w). Determine n(-1).
-3
Let h(o) be the first derivative of o**7/840 - o**6/72 + o**5/60 - o**4/6 - o**3 - 3. Let k(w) be the third derivative of h(w). Give k(5).
6
Let f = -7103/24 - -296. Let o(g) be the third derivative of 0*g - 1/3*g**3 + 0 + f*g**4 + 1/60*g**5 + g**2. What is o(3)?
10
Suppose 25 = -0*u + 5*u. Suppose -4*i + u*b = -25, -2*b + b = -i + 6. Suppose -4*h = -4*y - 6 - 6, -i*y - 15 = 0. Let c(k) = k**3 + k**2 + 2. Calculate c(h).
2
Let c(w) be the third derivative of 0*w + 0 - 1/120*w**6 + 5*w**2 - 1/10*w**5 + 1/3*w**4 + 7/6*w**3. Determine c(-7).
0
Let q(l) be the second derivative of l**3/6 + 2*l**2 + 2*l + 1. Give q(-3).
1
Let p(j) = -j**3 - 2*j**2 - 4*j - 2. Let g be p(-2). Let n(a) = -3*a + g + a + 4*a + 0. Let q be n(-6). Let o(c) = c**3 + 6*c**2 + 4. Calculate o(q).
4
Suppose 0 = 3*v - 0*v - 3. Let x(w) be the first derivative of 11*w**4/4 - w**3/3 - w**2/2 + w + 3. Give x(v).
10
Let l(s) = -21*s + 1. Suppose -2*t + 4*k = -2 - 16, 2*k = -4*t - 4. Give l(t).
-20
Let r(u) be the first derivative of u**3/3 + 3*u**2 - u - 3. Give r(-3).
-10
Let p be -7 - (2 - 4 - 0). Let d(v) be the first derivative of v**4/4 + 2*v**3 + 5*v**2/2 + 6*v - 3. Determine d(p).
6
Let u(c) = 2*c - 19. Let t(x) = -x + 10. Let m(n) = -5*t(n) - 3*u(n). Give m(3).
4
Let n(u) = -2 + 3*u + 0 - 2*u. Let j be -2 + 1 + 2 + -1. Let b be 0 + j + 2*-2. What is n(b)?
-6
Let c(h) = h**2 + 7*h + 5. Let l(j) = j**3. Let s be l(1). Suppose w = -1 - s. Let y be 3 + 4*4/w. Give c(y).
-5
Let f(n) = -3*n + 1. Suppose 5*i + 24 = -4*k + 61, -2*i + 13 = k. Let s be 14/2 + -1 + 1. Suppose -2*y + i = -s*y. Calculate f(y).
4
Let d(v) = 2*v + 1. Let c be 2/(-10) - 12/(-10). Let h be c/(-8)*2*4. Determine d(h).
-1
Let o(v) = -2*v**2 - 5. Let f(d) = -3*d**2 + d - 10. Let u(b) = -3*f(b) + 5*o(b). Determine u(-3).
5
Let b = -4 + 2. Let y = -4 - -6. Let i(u) = 6*u + 4 - 1 - 2 + y. Determine i(b).
-9
Let r(p) = -p - 2. Let h be r(-3). Let d(l) = -l**2 + 2*l - 1. Determine d(h).
0
Suppose -4*a - 2*b + 30 = -0*a, -4*a = 3*b - 33. Let i(g) = -g**2 + 7*g - 7. Determine i(a).
-1
Let l(p) = 12*p**3 + 5*p**2 - p - 13. Let m(v) = -7*v**3 - 2*v**2 + v + 7. Let s(u) = 3*l(u) + 5*m(u). Suppose 2*i - 3*i - 4 = 0. Give s(i).
4
Let p(z) = -z**3 + 3*z**2 + 4*z + 1. Let l = -47 + 51. Determine p(l).
1
Let f be 4/10*(-80)/8. Let y(u) = -5*u - 4. What is y(f)?
16
Let g(j) be the second derivative of j**3/6 + 3*j**2/2 + 6*j. Calculate g(-7).
-4
Let h(y) = 18 - 7*y - 22 - y**2 + 6. Calculate h(-6).
8
Let p(n) = n**2 + 9*n - 2. Let i be p(-9). Let g = i - -4. Let l(z) = 4*z**3 - 5*z**3 - 4*z**2 - 1 - 2*z + 3*z**g. What is l(-1)?
1
Let x(p) be the third derivative of p**4/12 + 5*p**3/3 - 8*p**2. Give x(-9).
-8
Let o(m) = -1 + 0 + m**2 + 5 - 5*m. Suppose -4*w - g = -5*g - 40, -2*w - 10 = 4*g. Let k(h) = -h**2 + 5*h - 4. Let x(z) = w*o(z) + 4*k(z). Calculate x(4).
0
Let y = -4 - -6. Suppose -1 = 5*s - y*i, -4*s - 2*i = i - 13. Let c(g) be the first derivative of -7*g**4/4 - 1. What is c(s)?
-7
Let p(v) = 13*v + v**2 - 1 + 7 - 5*v + 0*v**2. What is p(-6)?
-6
Let r = -9 + 15. Let y(g) be the second derivative of -g**6/360 + g**5/15 - g**4/4 + g**3/3 - 2*g. Let l(o) be the second derivative of y(o). What is l(r)?
6
Let u(g) = 7 + 12 + g**3 + g - 4. Calculate u(0).
15
Suppose 4*n + n = 4*x - 10, 0 = 4*n - 3*x + 7. Let o(v) = -3*v**3 - 2*v**2. Let g(h) = 16*h**3 + 11*h**2 + h. Let u(s) = n*g(s) + 11*o(s). What is u(-2)?
4
Let h = -7 - -20. Let q(c) = h*c + 17*c - 34*c + 1. Calculate q(-1).
5
Let h = 17 - 11. Let v(n) = -4*n - 1 - n + h*n - 4. Calculate v(3).
-2
Let u(f) = -f**2 + f. Suppose -h + 4 = 1. Let n be h/(-3*(-1)/(-2)). Let q(k) = -2*k**2 + 2*k. Let g(a) = n*q(a) + 5*u(a). Determine g(3).
-6
Let v = -3 - -1. Let z(k) = k**2 - 4*k - 2. Let p(q) = 2*q**2 - 4*q - 3. Let y(m) = 2*p(m) - 3*z(m). Give y(v).
-4
Let z(n) = n**3 + 9*n**2 - 10*n + 5. Let u be z(-10). Let t(b) = b**2 - 6*b + 0 + 0 + u. Determine t(5).
0
Let t(h) = h**2 + 4*h - 6. Suppose -6*c = -3*c + 12, 4*d + 8 = 4*c. Calculate t(d).
6
Let c = 4 + -4. Suppose c = -4*b - 3 + 11. Let s(w) = 2*w**3 + 0*w + 2*w**3 - w + 2*w**b. Determine s(1).
5
Let a(k) = 7*k**2 + 5*k. Let j(g) = g**2 + 1. Let l(f) = a(f) - 6*j(f). Give l(-7).
8
Suppose -4 = 4*p - 2*p. Let u = 3 - p. Let w(a) be the third derivative of a**4/24 - a**3/6 + a**2. Give w(u).
4
Suppose -20 = -4*r, -2*g = 3*g - 2*r + 5. Let q(j) = 3*j**3 + j**2. Determine q(g).
4
Let k(a) = -5 + 0*a**2 + 4 + 0*a**2 + 13*a**2 + 2*a. Calculate k(1).
14
Let v = -12 + 17. Suppose 24 = -v*p - 3*m + 152, 2*m + 148 = 5*p. Suppose 5*y = 8 - p. Let f(u) = -u. Determine f(y).
4
Let v(b) be the third derivative of 13*b**4/24 - 5*b**3/6 - 2*b**2. Let r(u) = 20*u - 8. Let a(t) = 5*r(t) - 8*v(t). Calculate a(2).
-8
Let r = -1 - 1. Let a be (-3)/12 - (-21)/4. Let z(h) = -5 + a - 4*h. Give z(r).
8
Let a = -3 - -5. Suppose -2*w = 4*f + a*w, 0 = 4*f - 5*w - 18. Let o(l) = 0*l + f - l - 5*l - l**2 + 0*l**2. What is o(-3)?
11
Let n(w) = -3*w**2 + w - 3. Let v(y) be the first derivative of -y**3/3 - y - 1. Let q(b) = -n(b) + 2*v(b). What is q(3)?
7
Let n(j) be the second derivative of j**3/6 + 4*j. Determine n(9).
9
Let c(m) = -m**2 + 2*m - 3. Let z(k) = k - 12. Let q be z(15). Give c(q).
-6
Let t = 8 + -8. Let s(r) be the first derivative of r**5/60 + r**4/24 + r**2 + 2. Let f(h) be the second derivative of s(h). What is f(t)?
0
Let f(u) be the first derivative of u**4/24 - 2*u**3/3 - u**2 - 6. Let y(a) be the